base 7, what is -2 + -35?
-40
In base 13, what is 5 - -13?
18
In base 15, what is -67 + -e3?
-15a
In base 11, what is -1 + 191a?
1919
In base 4, what is -222330 - -2?
-222322
In base 9, what is -37 + 7?
-30
In base 2, what is -100 + 10110111?
10110011
In base 5, what is -1 + 2223?
2222
In base 13, what is -16 - -11?
-5
In base 3, what is 12 + -121011?
-120222
In base 4, what is -20331 + 10?
-20321
In base 4, what is 1 + -121?
-120
In base 4, what is -3 + 3213?
3210
In base 16, what is a + -134?
-12a
In base 10, what is 1 + -9?
-8
In base 11, what is 28 - 158?
-130
In base 8, what is 35 - -7?
44
In base 16, what is 8 + ef?
f7
In base 13, what is -372a + -5?
-3732
In base 13, what is -5b8 - 1?
-5b9
In base 4, what is 133 + 3?
202
In base 4, what is 11 - -11?
22
In base 5, what is 304 - 220?
34
In base 13, what is 3 + 1756?
1759
In base 16, what is 2e - 29?
5
In base 16, what is 3 - 23?
-20
In base 3, what is -21 + -11?
-102
In base 13, what is 17 + -4?
13
In base 4, what is 1 - -310?
311
In base 13, what is 4 + 2?
6
In base 10, what is -1 - 50?
-51
In base 11, what is 6 + 1386?
1391
In base 15, what is d + -52?
-44
In base 13, what is 110 - 45?
98
In base 14, what is -2 - -30?
2c
In base 2, what is 10110101 + 1?
10110110
In base 6, what is 3 + -4?
-1
In base 13, what is -44 - 4?
-48
In base 2, what is 11 + -110101110?
-110101011
In base 10, what is -753 + -5?
-758
In base 12, what is -145 - -5?
-140
In base 8, what is -4 + 754?
750
In base 7, what is -3 - -212?
206
In base 12, what is -2 - -3575?
3573
In base 9, what is -160 + 0?
-160
In base 9, what is -85 - 15?
-111
In base 14, what is 10d + -2?
10b
In base 3, what is -211 - 1211?
-2122
In base 15, what is -13b - -2?
-139
In base 5, what is 142 - -302?
444
In base 5, what is 120 - -3?
123
In base 16, what is 6 + -3b3?
-3ad
In base 8, what is 3 + 75?
100
In base 6, what is -4 + -53?
-101
In base 4, what is -1030 - 10?
-1100
In base 7, what is 44 + -46?
-2
In base 2, what is 10100011 + -100?
10011111
In base 13, what is 201 - -4?
205
In base 13, what is 667 + a?
674
In base 9, what is -1 + -8?
-10
In base 9, what is 3 - 1743?
-1740
In base 8, what is 1545 + 16?
1563
In base 10, what is -24 - -15?
-9
In base 11, what is -257 - -5?
-252
In base 6, what is -32 + 5?
-23
In base 9, what is -23 - -3?
-20
In base 3, what is -10 - -1022?
1012
In base 12, what is -632 - -4?
-62a
In base 5, what is 10 - 40141?
-40131
In base 4, what is -1233 - 1?
-1300
In base 16, what is -10f - 4?
-113
In base 9, what is 7 - 44?
-36
In base 9, what is 24 - -108?
133
In base 10, what is -3 - -2678?
2675
In base 6, what is 5113 - -14?
5131
In base 3, what is -100221 - 11?
-101002
In base 10, what is 176 - 5?
171
In base 3, what is 120220 - -2?
120222
In base 15, what is 5c - -29?
86
In base 13, what is 3604 - 1?
3603
In base 11, what is 1 - -1373?
1374
In base 12, what is 222 + -a?
214
In base 15, what is 1e - -39?
58
In base 2, what is -11 + 10111101?
10111010
In base 7, what is -60 + 5?
-52
In base 2, what is 111100 + -110?
110110
In base 5, what is 32 + 132?
214
In base 11, what is -763 - -15?
-749
In base 3, what is -10 - 110002?
-110012
In base 13, what is 4 - 2?
2
In base 16, what is -1 - 8?
-9
In base 14, what is 1 - -d?
10
In base 7, what is -2 - -25?
23
In base 16, what is -2262 - -1?
-2261
In base 3, what is -110 + 111112?
111002
In base 5, what is -10 + -142?
-202
In base 13, what is -c + -1ab?
-1ba
In base 12, what is -5 - 37?
-40
In base 5, what is 3 + -1144?
-1141
In base 11, what is 4 - 73?
-6a
In base 12, what is -7 - -21?
16
In base 16, what is -39e + 0?
-39e
In base 11, what is 1 - -a65?
a66
In base 12, what is -2b + 3b?
10
In base 15, what is -a2 + 3?
-9e
In base 9, what is 1 + 85?
86
In base 4, what is 100032 - 2?
100030
In base 11, what is 5 - -54?
59
In base 9, what is -4 - -1042?
1037
In base 13, what is 5a - 15?
45
In base 9, what is 6 + 161?
167
In base 12, what is -2 + 3a?
38
In base 10, what is 6 - 221?
-215
In base 3, what is -1 + 11101212?
11101211
In base 13, what is -67 - 7?
-71
In base 2, what is 100001000 + 10010?
100011010
In base 2, what is 100000001 - -101101?
100101110
In base 8, what is -2 + 142?
140
In base 11, what is -3 + 81?
79
In base 8, what is 13 - -4?
17
In base 12, what is -33 - -11?
-22
In base 16, what is -3f + -1?
-40
In base 10, what is -174 - 12?
-186
In base 15, what is -3 + 26?
23
In base 14, what is 220 + 1?
221
In base 9, what is 0 + 6?
6
In base 10, what is 2 - -344?
346
In base 10, what is -5 + -306?
-311
In base 9, what is -2 - 1246?
-1248
In base 11, what is 2 - 21?
-1a
In base 12, what is -6a8 + -2?
-6aa
In base 7, what is -15 + 4?
-11
In base 4, what is -30 + -30?
-120
In base 7, what is 1 - 300?
-266
In base 13, what is -20b7 + -3?
-20ba
In base 10, what is 4 - 3?
1
In base 13, what is 4b7 + 2?
4b9
In base 10, what is -1 - 77?
-78
In base 9, what is -141 - -72?
-58
In base 12, what is -1 - 64?
-65
In base 3, what is 2 - -112010?
112012
In base 9, what is 246 + 11?
257
In base 15, what is -493 - -3?
-490
In base 16, what is 405 + 5?
40a
In base 4, what is -11203032 - -1?
-11203031
In base 8, what is -1016 + -1?
-1017
In base 5, what is -32 - -13?
-14
In base 9, what is -5463 - 3?
-5466
In base 14, what is -4 + 77c?
778
In base 9, what is 2 + 2?
4
In base 4, what is -311303 - 3?
-311312
In base 7, what is -1 + -2551?
-2552
In base 11, what is 27770 + 3?
27773
In base 10, what is 103 - 2?
101
In base 2, what is -101 - 100111?
-101100
In base 2, what is -11 + 1011100110?
1011100011
In base 8, what is -2630 - 1?
-2631
In base 9, what is 17 - -43?
61
In base 3, what is 12 + -200020?
-200001
In base 14, what is 1c + -4?
18
In base 13, what is 5 - -422?
427
In base 4, what is -23 + 10?
-13
In base 9, what is -188 + -7?
-206
In base 15, what is -5 - 2da?
-2e0
In base 9, what is -1 - 207?
-208
In base 12, what is 4 - -b?
13
In base 3, what is -101010 - -2?
-101001
In base 8, what is 5 - 10?
-3
In base 16, what is 49 + 5?
4e
In base 16, what is -3 + 1c?
19
In base 9, what is 281 - -1?
282
In base 5, what is 1412 + -113?
1244
In base 5, what is 1 - 21?
-20
In base 2, what is -1110 - 1011?
-11001
In base 8, what is 433 - -4?
437
In base 13, what is 0 - -90?
90
In base 15, what is -1d9 + -33?
-21c
In base 9, what is 4 + 5585?
5600
In base 4, what is -11233 + 1?
-11232
In base 9, what is 41 - 13?
27
In base 2, what is 10011101 - -1100001?
11111110
In base 11, what is -71 - 3a?
-100
In base 6, what is 3232 - 1?
3231
In base 9, what is -3 + 30?
26
In base 10, what is 0 - 25?
-25
In base 16, what is 90 - 1?
8f
In base 12, what is 1 + 456?
457
In base 6, what is -21300 - 0?
-21300
In base 16, what is -2 + 169?
167
In base 7, what is -364 + -1?
-365
In base 14, what is -31a + 3?
-317
In base 11, what is 5 + -68?
-63
In base 4, what is -332 - 0?
-332
In base 5, what is 144 - 1001?
-302
In base 13, what is 21 - -483?
4a4
In base 16, what is -822 - -1?
-821
In base 16, what is -2 + -53?
-55
In base 9, what is -4 - -31?
26
In base 11, what is 176 + -11?
165
In base 6, what is 105 - 5?
100
In base 14, what is 0 - -16a1?
16a1
In base 12, what is -28 + 10?
-18
In base 5, what is 4032 + 2?
4034
In base 5, what is -223 - -1?
-222
In base 7, what is -2210 - -4?
-2203
In base 13, what is -20b9 + 4?
-20b5
In base 8, what is -22243 - 4?
-22247
In base 6, what is -1050 - 5?
-1055
In base 15, what is 2 + -334?
-332
In base 14, what is 896 + 4?
89a
In base 2, what is 11001011 + -10?
11001001
In base 11, what is -787 - -8?
-77a
In base 3, what is 112 + -22?
20
In base 15, what is -1 + -6?
-7
In base 12, what is 39b + -15?
386
In base 12, what is -1 + b?
a
In base 14, what is 2 - a?
-8
In base 3, what is -222 + 0?
-222
In base 15, what is -1 + 290?
28e
In base 15, what is -6d2c + -2?
-6d2e
In base 2, what is -10 + 101110?
101100
In base 8, what is 7 + 355?
364
In base 4, what is 100301 - 0?
100301
In base 10, what is 5 - 3827?
-3822
In base 3, what is -2 - 1112?
-1121
In base 4, what is 0 - -23?
23
In base 2, what is 11 - -111001111?
111010010
In base 6, what is 20510 + 0?
20510
In base 10, what is -241 + 3?
-238
In base 3, what is 10 - 1212?
-1202
In base 4, what is 11 + -112323?
-112312
In base 8, what is -10 - 73?
-103
In base 2, what is -10 - 10011100010?
-10011100100
In base 15, what is -